 is divided by o.
4
Let q = 19 + -16. Suppose -a = q*m + 3, 5*a - 2*m = 2*m + 61. Calculate the remainder when 25 is divided by a.
7
Suppose -36*t - 108 = -40*t. Calculate the remainder when 105 is divided by t.
24
Calculate the remainder when (-102)/5*(-55)/22 is divided by 9.
6
Let l = 5 - 0. Suppose 2*p + 3*z = -0*z + 29, -2*p + 39 = l*z. Let y = p - -6. What is the remainder when 37 is divided by y?
11
What is the remainder when 9 + (0 - -2) + -2 is divided by 5?
4
Suppose -4*g - 15 + 49 = -w, g - 12 = 2*w. Suppose -5*a = -0*a - 15. Calculate the remainder when g is divided by a.
2
Let s(h) = -16*h - 2. Let u(k) = k**2 - 2*k - 4. What is the remainder when s(-5) is divided by u(6)?
18
Let q = 16 + -5. Let b = q + -6. Calculate the remainder when 8 is divided by b.
3
Let n be (-49)/28*(-1 - 3). Let x = n + -2. Suppose x*r + 2 - 47 = 0. What is the remainder when 25 is divided by r?
7
Let r(b) = -2*b + 2. Let y be r(2). Suppose -2*m - 4*p = -8, 0*m + 5*p - 28 = -4*m. Calculate the remainder when m is divided by (y - -4)*(-14)/(-4).
5
Suppose 0*c = -3*c + 18. Let o = c + -6. Suppose 4*l - 2*l - 21 = -z, o = -z + 5*l + 14. What is the remainder when z is divided by 10?
9
Suppose 0 = 5*s + p - 2*p - 74, -3*s = -2*p - 50. Suppose 0 = -9*o - 2 + 38. What is the remainder when s is divided by o?
2
Suppose 0 = 3*i - 5*i + 12. Suppose a = i*a - 150. What is the remainder when a is divided by 16?
14
Let v = 41 - 14. Calculate the remainder when v is divided by 7.
6
Suppose 2*i - 2*h - 4 = 2*h, 2*h + 10 = -3*i. Let v(y) be the second derivative of -11*y**3/3 + y**2 + 22*y. What is the remainder when v(i) is divided by 16?
14
Let m(h) = 2*h**2 - 6*h + 0*h - 3 + 3*h. Calculate the remainder when 19 is divided by m(-2).
8
Suppose 2*r = 7*r - 75. What is the remainder when 57 is divided by r?
12
Let g be (-4)/(-16) - (-2)/(-8). Suppose 3*w + g*d - 43 = -d, 0 = -w + 2*d + 26. Suppose 0 = -r + 4*r - 93. What is the remainder when r is divided by w?
15
Let u = 14 - 12. Suppose -l + u = -11. What is the remainder when 23 is divided by l?
10
Let d(t) = 19*t + 4. Let z be d(2). Let o = -9 + z. Calculate the remainder when 130 is divided by o.
31
Suppose -k + 28 = -3*s, 103 = 5*k - k - 3*s. Calculate the remainder when 48 is divided by k.
23
Suppose 2*g - 2 + 0 = 0. Let y = -140 - -194. What is the remainder when y is divided by (4/(-8))/(g/(-38))?
16
Suppose -5*j + 2*j = 0, 0 = 4*n + 4*j - 412. Suppose -5*w + n + 72 = 0. Calculate the remainder when w is divided by 9.
8
Let o be 1/((-4 - -2)/(-10)). Suppose o*y = y + 68. What is the remainder when ((-14)/(-6))/((-1)/(-21)) is divided by y?
15
Let f be ((-45)/18)/((-2)/4). Suppose -x + f = -2*k, 2*k - 12 = -k. What is the remainder when x is divided by 8?
5
Suppose 3*w = 2*s - 21, 0*s = -s - 3*w + 6. Let j = s - 7. Suppose 6*b = -5*n + j*b + 51, -2*n + 26 = 3*b. What is the remainder when n is divided by 2?
1
Suppose -2*t - 138 = t. Let z = t + 72. What is the remainder when z is divided by 9*(8/2 + -3)?
8
Let v(x) = -3*x + 5. Let u be (-2 - 1*-15) + 0. Suppose -b = 1 - u. What is the remainder when v(-6) is divided by b?
11
Suppose 20 = 6*j - j, -5*n = -3*j - 1018. Suppose 72 = g + 5*q - 2*q, n = 3*g + 4*q. What is the remainder when g is divided by 23?
20
Let o(z) = -1 - 1 + 7 + 2*z**2 + z. Calculate the remainder when o(-4) is divided by 17.
16
Suppose -3*a + 144 = a. Let o be 12/(-8)*(-8)/3. Suppose -5*g + 118 = r + a, -24 = -g - o*r. Calculate the remainder when g is divided by 6.
4
Suppose -5*o + 840 = 5*j, -4*o - 324 = -4*j + 2*j. Calculate the remainder when j is divided by 24.
22
Suppose -4*f = -0*f - 124. What is the remainder when f is divided by (22/(-4))/((-5)/10)?
9
Let v(t) = t**3 + 10*t**2 + 3*t + 13. Let n be v(-9). Suppose n = 5*d - 93. What is the remainder when d is divided by 1/2*2*11?
10
Let h(f) be the third derivative of f**5/60 + f**4/6 - 2*f**2. Let z be h(5). Suppose 0 + z = 5*w. What is the remainder when 17 is divided by w?
8
Let i be (2 + -1)*(0 - -1). Let q = i + 1. What is the remainder when 5 is divided by q?
1
Let p = -27 - -95. What is the remainder when p is divided by 18?
14
Let g = 10 + 7. What is the remainder when 64 is divided by g?
13
Suppose -84 = -2*s + 172. Suppose 5*h + 23 = s. Calculate the remainder when 40 is divided by h.
19
Let u(c) be the third derivative of c**6/120 - c**5/10 + 7*c**4/24 - 5*c**3/2 + 7*c**2. Calculate the remainder when 51 is divided by u(6).
24
Suppose -14 - 19 = -3*q. Suppose 4*d = 3*s - 5, s - 5 = -2*d - 0*s. Suppose d = x - 3. Calculate the remainder when q is divided by x.
3
Suppose -18 = 4*k - 2*k. Let h = 147 - 113. Calculate the remainder when h is divided by (k/1)/(1/(-2)).
16
Let x be 19*(-5)/(-10)*2. Suppose 4*k = -3*y + x, 6*y = y + 5. Calculate the remainder when ((-5)/(-2))/(3/18) is divided by k.
3
Suppose -5*g = 2*x - 8, 0 = -0*x - 3*x - 3*g + 30. Calculate the remainder when 67 is divided by x.
11
Let u(l) = l**2 + 2*l - 1. Let c be u(1). Let i = 3 + 1. Suppose -10 = -t - 2*j, 0*j + 28 = i*t + c*j. What is the remainder when 11 is divided by t?
5
Let u = 33 - 20. Let z(c) = c**2 - 16*c + 34. Calculate the remainder when z(17) is divided by u.
12
Let v be 28/(-5) + 2/(-5). Let f(a) = -a**3 - 6*a**2 + 6. What is the remainder when 11 is divided by f(v)?
5
Suppose -3*r = -r - 4. Suppose 2*c + 2*n - 124 = 0, 0 = r*c - 4*n - 72 - 58. Calculate the remainder when c is divided by 16.
15
Suppose 3*v - 33 = -6. What is the remainder when v is divided by 7?
2
Let n(d) = d**2 + 5*d - 1. Let k be n(-5). Let l = 6 + k. Suppose -3*c + l + 1 = 0. Calculate the remainder when c is divided by 2.
0
Let t be (-4)/(-3) + 6/9. Suppose t*n = -1 + 7. Calculate the remainder when n is divided by 3.
0
Let f(q) = -2*q**3 + 8*q**2 - 2*q - 5. What is the remainder when 33 is divided by f(3)?
5
Suppose -3*s - 2 + 26 = 0. Let w be s/(-44) + 92/22. Suppose -w*m = -9*m + 220. What is the remainder when m is divided by 23?
21
Let h be 1 + -3 - -1*1. What is the remainder when (0 - h)*-1 - -32 is divided by (66/(-18))/((-1)/3)?
9
Let t = 1 - -1. Suppose p - 11 = -t. Calculate the remainder when 23 is divided by p.
5
Let m = -20 + 37. What is the remainder when 46 is divided by m?
12
Suppose 3*b = 5*o - 10, 0 = b + 2*b + 3*o - 6. Let z(y) = -2*y**3 - y**2 - 3*y - 3. What is the remainder when z(-2) is divided by b/2 + 7 + 1?
7
Let d be (3 - (-2 + 2))/(-1). Let q(y) = -y**2 - 7*y + 1. What is the remainder when 23 is divided by q(d)?
10
Let u(x) = 30*x**3 + x**2. Calculate the remainder when u(1) is divided by 8.
7
Let f(q) = -q**3 - 9*q**2 - 7*q + 9. Let d be f(-8). Let h(s) = 19*s - 1. Calculate the remainder when 69 is divided by h(d).
15
Let v = -50 + 72. Let c = v + -11. What is the remainder when 19 is divided by c?
8
Suppose 55 - 13 = 2*c. What is the remainder when c is divided by 8?
5
Let a = 0 + 61. Let q(z) = -z**2 + z + 21. Calculate the remainder when a is divided by q(0).
19
Suppose 12 = -3*n, 6*n - 2*n - 34 = -2*a. Calculate the remainder when 66 is divided by a.
16
Let o(p) = -p**3 + 12*p**2 + 13*p + 30. Let f(m) = 9*m**2 + m + 3. What is the remainder when f(3) is divided by o(13)?
27
Let h = 84 - 62. Let f be (1/(-2))/((-2)/(-24)). What is the remainder when h is divided by 4/f*36/(-2)?
10
Suppose -x - 3*f - 21 = 2*x, 3*x = -4*f - 24. Let w be (24 + x)*14/4. Let u = w + -48. What is the remainder when u is divided by 8?
6
Suppose 7*a + 12 = 2*c + 3*a, -c = 2*a - 2. Calculate the remainder when 5 is divided by c.
1
Let s = 11 - 7. Suppose 0 = s*a - 74 + 22. Calculate the remainder when 23 is divided by a.
10
Let t(n) = -n**2 - 11*n + 15. Calculate the remainder when 44 is divided by t(-11).
14
Let l(n) = n**3 + 3*n**2 - n + 7. Suppose 0 = 8*h - 3*h - 85. What is the remainder when h is divided by l(-3)?
7
Let p(y) = 5*y + 0*y**2 - 5*y**2 - 2 + 4*y**2. Calculate the remainder when 221/51*(1 - -2) is divided by p(2).
1
Let h(r) = 8*r - 6. Let f(i) = -i**3 + 7*i**2 + 3*i - 9. Let z(j) = -2*j - 11. Let p be z(-9). Calculate the remainder when h(5) is divided by f(p).
10
Suppose 5*j = 6*j - 31. Calculate the remainder when j is divided by 8.
7
Let k = -116 + 51. Let r = -37 - k. Calculate the remainder when r is divided by 104/10 + (-4)/10.
8
Le